0 + r**5/60 + 7*r**4/24 + 3*r**3/2 + 15*r**2. Let h be x(-3). List the prime factors of 2 + (-27)/15 + h/10.
2, 31
Let g be (-1 - 9/(-7))*56/8. Suppose 2*u - 1925 = -3*t, -g*u = -36*t + 37*t - 1931. List the prime factors of u.
967
Let z(l) = 1671*l + 760. List the prime factors of z(6).
2, 5393
Suppose 3*g = -a - 2*a + 24, -5*a - g + 32 = 0. Let l be (6/(-15))/(a/(-15)). Let s(z) = 59*z**3 - z**2 - z + 2. List the prime factors of s(l).
59
What are the prime factors of 396/1716 - 99756/(-26)?
3, 1279
Let o = -571 - -574. Suppose -10*r - 3*s + 1155 = -7*r, 1933 = 5*r - o*s. List the prime factors of r.
2, 193
Suppose -12*g + 7951 + 6220 = 2783. List the prime factors of g.
13, 73
List the prime factors of 12 + (40635 - 3)/8.
3, 1697
Let h = -9835 - -63165. List the prime factors of h.
2, 5, 5333
Let l(f) = f**2 - 3*f - 2. Let x = -14 + 13. Let n be l(x). Suppose -n*g + 96 = -0*g. What are the prime factors of g?
2, 3
Let t(f) = -4*f - 1 + 52*f**2 - 2 + 11. Let j be t(2). Suppose -j = -3*v - 2*i, -5*i - 214 = -3*v - i. List the prime factors of v.
2, 5, 7
Let a(i) = i**2 + 5*i - 2. Let c be a(-6). Let m(k) be the second derivative of k**3 - k**2 - 40*k + 1. List the prime factors of m(c).
2, 11
Suppose 0 = 3*s + 3*x - 201, 5*x = -s + 3*s - 99. Let t = s - 56. Suppose 4*m = -12, t*i - 78 = i - 4*m. List the prime factors of i.
2, 3
Let a = 68 + -65. Suppose -q = f - 1, 3*f - 5*q - 38 = -a. Suppose -5*z + f*w = -3*z - 125, -z - w = -45. What are the prime factors of z?
2, 5
Suppose -2*c - 52271 = -3*v + 14083, 5*c - 110590 = -5*v. What are the prime factors of v?
2, 11059
Suppose -61*z + 23*z - 49*z = -3176283. What are the prime factors of z?
11, 3319
Suppose 948*d - 116652 = 944*d. What are the prime factors of d?
3, 9721
Suppose 3*p = -4*j + 420, -15*j + 12*j + p = -302. Let l = j + 10. What are the prime factors of l?
2, 7
Suppose 0 = -23*d + 29*d - 16*d + 84520. List the prime factors of d.
2, 2113
Suppose 0 = 11*m - 13*m - 88. Let s be (m/16)/((-1)/4). Suppose s*c - 13*c + 154 = 0. What are the prime factors of c?
7, 11
Suppose -i = -5*t - 13 + 799, -3*t + 476 = -5*i. Let h = t + 574. What are the prime factors of h?
17, 43
List the prime factors of (-417)/9*(-14 - -20 - 60).
2, 3, 139
Suppose 157185 = 101*s - 331655. List the prime factors of s.
2, 5, 11
Suppose -y + 2*w = 4*w - 604, -3*w = -9. Suppose -2720 = -6*x + y. What are the prime factors of x?
7, 79
Let z(b) = 3*b - 56. Let a be z(33). Suppose -3*h = w - 289, -w - a = -2*h + 143. List the prime factors of h.
5, 19
Suppose 0*v + 972 = 12*v. What are the prime factors of (-135)/(9/(v/(-9)))?
3, 5
Let h = -2 + 4. Suppose 4*v - 72 = -56. Suppose h*u - 480 = -v*u. List the prime factors of u.
2, 5
Let a(q) = 271 + q**2 - 152*q - 95 - 89 + 52*q - 102. List the prime factors of a(-10).
5, 7, 31
Let a(c) = -3124*c + 2276. List the prime factors of a(-3).
2, 7, 13
Suppose 326 = 3*t - 142. Suppose 581 = 11*f - t. Suppose -5*v = -2*x + f, 5*v - 38 = -3*x + 25. List the prime factors of x.
2, 13
Let n = -2981 - -3084. List the prime factors of n.
103
Let s = 133348 + -83203. What are the prime factors of s?
3, 5, 3343
Suppose -6728 = -2*c + 5*a, -499*c + 3*a = -504*c + 16758. List the prime factors of c.
2, 3, 13, 43
Let x(i) be the third derivative of -i**6/80 - i**5/120 + i**4/24 + 9*i**2. Let m(a) be the second derivative of x(a). List the prime factors of m(-4).
5, 7
Let b = 60 + 736. Suppose 0 = -q + 3*a + 403, b = 2*q + 4*a - 5*a. List the prime factors of q.
397
Suppose 216*p - 217*p = -3*l - 6630, -5*p = -2*l - 33202. List the prime factors of p.
2, 3, 41
Let d(y) = -11*y + 11. Let b be d(7). Let a = b - -71. Suppose a*p - u - 774 = 0, -4*u - 636 = -4*p + u. What are the prime factors of p?
2, 7, 11
Let f = -2143 + 2151. Let x(u) = -12*u**2 + 8*u + 18. Let t(l) = -l**3 - 1. Let y(o) = t(o) - x(o). List the prime factors of y(f).
173
Suppose 8*r - n = 3*r + 1173, 0 = 5*r - 3*n - 1169. Suppose -c - 189 = -p, -p - r = 3*c + 332. Let z = 266 + c. List the prime factors of z.
7, 11
Let r = 1564 + -1078. Suppose 20*v - 21*v + r = 0. What are the prime factors of v?
2, 3
Suppose 49*u - 50*u = -3. Let m(b) = 3*b**2 - b - 5. Let v be m(u). What are the prime factors of v/38 - (-158)/4?
2, 5
Let j be 54/4*(-3 + (-20)/(-12)). Let w = 168 + -69. What are the prime factors of 22/w + (-2354)/j?
131
Let s(f) = f**2 + 18*f + 13. Let q = -79 + 98. Suppose 20*k - q*k = -18. List the prime factors of s(k).
13
Suppose 0 = -r - r + 760. Suppose -2*k - r = -2*d, -4 = -5*k + k. Let i = d - 23. List the prime factors of i.
2, 3, 7
Suppose 4*j - 540 = -3*r, 3*r - 357 = -3*j + 183. List the prime factors of (r/150)/((-1)/(-715)).
2, 3, 11, 13
Let r(x) = -2*x**3 - 4*x**2 + 2*x - 7. Let t be r(-3). Let f be 2/4 - t/(-2). Suppose 3*d + 411 = f*j, 3*d = -j - 4*j + 701. What are the prime factors of j?
139
Suppose -167475 = -3*r + 4*w, -3*r = 9*w - 14*w - 167481. List the prime factors of r.
55817
Suppose -2*i - 3*r = -i - 9171, -5*i + 5*r = -45795. Suppose -18*m - 3492 = -i. What are the prime factors of m?
3, 5, 7
Let d(y) = -17*y - 3. Let c be d(-7). Let a = c + -120. List the prime factors of 876/18 - a/12.
7
Suppose 58 = -13*l + 149. Suppose 751 + 495 = -l*j. What are the prime factors of (j/(-5))/((-5)/(-25))?
2, 89
Let v(y) = 7*y + 22. Suppose 0 = -i + 2*l - l - 13, 3*l = 0. Let m = i - -26. List the prime factors of v(m).
113
Let t(y) = 3243*y - 2524. What are the prime factors of t(7)?
20177
Let w(g) = 18*g**2 + 7*g - 6. Let i(a) = a**3 - a**2 - 10*a + 8. Let m be i(3). List the prime factors of w(m).
2, 127
Suppose -75 = -4*m + 3*s, -5*s - 27 - 28 = -2*m. Let x(r) = -4*r**2 + 76*r - 12. What are the prime factors of x(m)?
2, 3, 19
What are the prime factors of 147231360/3600 + (-12)/(-5)?
2, 5, 409
Let q(x) = -x**3 + x**2 + 11*x + 4. Let n be q(4). Let t(d) = 195 + 34*d**3 + d**2 - 197 + n*d**2. List the prime factors of t(1).
3, 11
Suppose -5*d + 103 + 26 = -n, 2 = 2*n. What are the prime factors of (-1424)/1*(6 - d/4)?
2, 89
Let m(r) = r**2 - 22*r - 24. Let q(y) = -y**2 - 15*y - 33. Let b be q(-8). Let k be m(b). List the prime factors of ((-10)/20)/(k/(-908)*-2).
227
Let p be ((-24)/(-72))/((-2)/(-60)). Let a(d) = 2*d - 2*d**2 + p*d**3 - 9*d**3 - d - 1. What are the prime factors of a(4)?
5, 7
Suppose 157560 = -744*i + 754*i. What are the prime factors of i?
2, 3, 13, 101
Suppose -m + 4*d + 4368 = 0, 13044 = 3*m - 251*d + 254*d. List the prime factors of m.
2, 17
Suppose -4*m + 8 = 4*q, 3*m - 4*m - 28 = -5*q. Suppose q*g + 6 = 26, 0 = t - 4*g + 12. List the prime factors of (-3 - (0 - t))/((-1)/(-25)).
5
Let w(z) = 2*z**2 + 14*z + 35. Let v be w(-5). What are the prime factors of -19*(8/12)/((-10)/v)?
19
List the prime factors of ((-2584)/(-19))/(-8) - -11866.
17, 41
Let x = -3872 - -16984. What are the prime factors of x?
2, 11, 149
Let c = 5725 + 28171. What are the prime factors of c?
2, 19, 223
Let j(m) = 255*m**2 - 3*m + 12. Let q be j(2). Suppose q*y = 1034*y - 2048. List the prime factors of y.
2
Suppose 2*g = j + 2*j - 2420, 2*j = -4*g + 1640. Let n = 1141 - j. List the prime factors of n.
331
Let v(j) = -270*j - 1158. List the prime factors of v(-35).
2, 3, 691
Let i(b) = -b**3 - 28*b**2 + 73*b - 57. List the prime factors of i(-36).
3, 13, 197
Let u(w) = -6*w + 49. Suppose 39*s = -260 - 715. List the prime factors of u(s).
199
Let r = 81900 - 14223. List the prime factors of r.
3, 17, 1327
Let c(x) = -x**3 - 25*x**2 - 9*x - 24. Let t be c(-27). Suppose 10*v = t + 5323. What are the prime factors of v?
2, 5, 7
Let j(z) = -8 - 10*z - 45*z**3 + 80*z**3 - 5*z**2 - 37*z**3. List the prime factors of j(-6).
2, 19
Let k(z) = z**3 + 12*z**2 - 5*z + 20. Suppose 4*f = -20, -q + 3*f = -3 - 12. Suppose -11*o + 22*o + 121 = q. What are the prime factors of k(o)?
2, 7
Let b be 3 + (4/(-1) - 2). Let g(s) be the first derivative of -35*s**2/2 + 7*s - 4. What are the prime factors of g(b)?
2, 7
Let q(l) = l**2 - 7*l - 980. What are the prime factors of q(58)?
2, 23, 43
Let z be 3/9 - 8/(-3). Suppose 0 = -7*f + 392 + 56. Suppose 4*d = -3*x + f, -97 = -z*x - 2*x + 3*d. List the prime factors of x.
2, 5
Suppose 4*q - q = 5*l - 8, -5*q + 40 = 5*l. Suppose 0 = l*a - 3*t + 24, -4*t + 20 = -a + 1. What are the 